{"id":639,"date":"2025-10-12T09:20:06","date_gmt":"2025-10-12T09:20:06","guid":{"rendered":"https:\/\/www.labatissedespres.com\/?page_id=639"},"modified":"2025-11-07T11:35:29","modified_gmt":"2025-11-07T11:35:29","slug":"en-hiver","status":"publish","type":"page","link":"https:\/\/www.labatissedespres.com\/index.php\/en-hiver\/","title":{"rendered":""},"content":{"rendered":"\t\t<div data-elementor-type=\"wp-page\" data-elementor-id=\"639\" class=\"elementor elementor-639\">\n\t\t\t\t<div class=\"elementor-element elementor-element-50c7b3a e-con-full e-flex e-con e-parent\" data-id=\"50c7b3a\" data-element_type=\"container\">\n\t\t\t\t<div class=\"elementor-element elementor-element-e9c784b elementor-widget__width-inherit elementor-widget elementor-widget-image\" data-id=\"e9c784b\" data-element_type=\"widget\" data-widget_type=\"image.default\">\n\t\t\t\t\t\t\t\t\t\t\t\t\t\t\t<img decoding=\"async\" src=\"https:\/\/www.labatissedespres.com\/wp-content\/uploads\/2025\/10\/Template-Ski-24_25_V2.jpg\" title=\"Template Ski 24_25_V2\" alt=\"Template Ski 24_25_V2\" loading=\"lazy\" \/>\t\t\t\t\t\t\t\t\t\t\t\t\t\t\t<\/div>\n\t\t\t\t<\/div>\n\t\t<div class=\"elementor-element elementor-element-b1d0eef e-con-full e-flex e-con e-parent\" data-id=\"b1d0eef\" data-element_type=\"container\">\n\t\t\t\t<div class=\"elementor-element elementor-element-2fbcda3 elementor-widget__width-inherit elementor-widget elementor-widget-heading\" data-id=\"2fbcda3\" data-element_type=\"widget\" data-widget_type=\"heading.default\">\n\t\t\t\t\t<h2 class=\"elementor-heading-title elementor-size-default\">Activit\u00e9s <\/h2>\t\t\t\t<\/div>\n\t\t\t\t<\/div>\n\t\t<div class=\"elementor-element elementor-element-253fa53 e-con-full e-flex e-con e-parent\" data-id=\"253fa53\" data-element_type=\"container\">\n\t\t\t\t<div class=\"elementor-element elementor-element-881c6e6 elementor-widget__width-inherit elementor-widget elementor-widget-text-editor\" data-id=\"881c6e6\" data-element_type=\"widget\" data-widget_type=\"text-editor.default\">\n\t\t\t\t\t\t\t\t\t<p>\u00c0 Puy-Saint-Vincent, l\u2019hiver se vit entre <strong data-start=\"42\" data-end=\"67\">plaisirs de la glisse<\/strong>, avec ski alpin, snowboard et luge, <strong data-start=\"104\" data-end=\"127\">aventures nordiques <\/strong>comme les balades en raquettes, chiens de tra\u00eeneau ou ski de fond, et <strong data-start=\"198\" data-end=\"220\">moments de d\u00e9tente<\/strong> au spa, \u00e0 la patinoire ou autour d\u2019un bon repas en altitude.<br data-start=\"281\" data-end=\"284\" \/>Une station chaleureuse au c\u0153ur du parc national des \u00c9crins, id\u00e9ale pour tous les styles de s\u00e9jour.<\/p>\t\t\t\t\t\t\t\t<\/div>\n\t\t\t\t<\/div>\n\t\t<div class=\"elementor-element elementor-element-e3f0793 e-flex e-con-boxed e-con e-parent\" data-id=\"e3f0793\" data-element_type=\"container\">\n\t\t\t\t\t<div class=\"e-con-inner\">\n\t\t\t\t<div class=\"elementor-element elementor-element-149a7a0 elementor-widget elementor-widget-heading\" data-id=\"149a7a0\" data-element_type=\"widget\" data-widget_type=\"heading.default\">\n\t\t\t\t\t<h2 class=\"elementor-heading-title elementor-size-default\">Glisse et sports d'hiver<\/h2>\t\t\t\t<\/div>\n\t\t\t\t\t<\/div>\n\t\t\t\t<\/div>\n\t\t<div class=\"elementor-element elementor-element-731ea9a e-flex e-con-boxed e-con e-parent\" data-id=\"731ea9a\" data-element_type=\"container\">\n\t\t\t\t\t<div class=\"e-con-inner\">\n\t\t<div class=\"elementor-element elementor-element-3f54538 e-con-full e-flex e-con e-child\" data-id=\"3f54538\" data-element_type=\"container\">\n\t\t\t\t<div class=\"elementor-element elementor-element-6c42ef1 elementor-widget elementor-widget-image\" data-id=\"6c42ef1\" data-element_type=\"widget\" data-widget_type=\"image.default\">\n\t\t\t\t\t\t\t\t\t\t\t\t\t\t\t<img decoding=\"async\" src=\"https:\/\/www.labatissedespres.com\/wp-content\/uploads\/2025\/11\/surf-v2.jpg\" title=\"surf v2\" alt=\"surf v2\" loading=\"lazy\" \/>\t\t\t\t\t\t\t\t\t\t\t\t\t\t\t<\/div>\n\t\t\t\t<\/div>\n\t\t<div class=\"elementor-element elementor-element-e2cc18c e-con-full e-flex e-con e-child\" data-id=\"e2cc18c\" data-element_type=\"container\">\n\t\t\t\t<div class=\"elementor-element elementor-element-602d577 elementor-widget elementor-widget-image\" data-id=\"602d577\" data-element_type=\"widget\" data-widget_type=\"image.default\">\n\t\t\t\t\t\t\t\t\t\t\t\t\t\t\t<img decoding=\"async\" src=\"https:\/\/www.labatissedespres.com\/wp-content\/uploads\/2025\/11\/raquette-v2.jpg\" title=\"raquette v2\" alt=\"raquette v2\" loading=\"lazy\" \/>\t\t\t\t\t\t\t\t\t\t\t\t\t\t\t<\/div>\n\t\t\t\t<\/div>\n\t\t<div class=\"elementor-element elementor-element-e602db1 e-con-full e-flex e-con e-child\" data-id=\"e602db1\" data-element_type=\"container\">\n\t\t\t\t<div class=\"elementor-element elementor-element-beaad52 elementor-widget elementor-widget-image\" data-id=\"beaad52\" data-element_type=\"widget\" data-widget_type=\"image.default\">\n\t\t\t\t\t\t\t\t\t\t\t\t\t\t\t<img decoding=\"async\" src=\"https:\/\/www.labatissedespres.com\/wp-content\/uploads\/2025\/11\/fat-bike-v2.jpg\" title=\"fat bike v2\" alt=\"fat bike v2\" loading=\"lazy\" \/>\t\t\t\t\t\t\t\t\t\t\t\t\t\t\t<\/div>\n\t\t\t\t<\/div>\n\t\t<div class=\"elementor-element elementor-element-ba32987 e-con-full e-flex e-con e-child\" data-id=\"ba32987\" data-element_type=\"container\">\n\t\t\t\t<div class=\"elementor-element elementor-element-5b1bf51 elementor-widget elementor-widget-image\" data-id=\"5b1bf51\" data-element_type=\"widget\" data-widget_type=\"image.default\">\n\t\t\t\t\t\t\t\t\t\t\t\t\t\t\t<img decoding=\"async\" src=\"https:\/\/www.labatissedespres.com\/wp-content\/uploads\/2025\/11\/ski-de-fond-v2.jpg\" title=\"ski de fond v2\" alt=\"ski de fond v2\" loading=\"lazy\" \/>\t\t\t\t\t\t\t\t\t\t\t\t\t\t\t<\/div>\n\t\t\t\t<\/div>\n\t\t<div class=\"elementor-element elementor-element-5f2a20e e-con-full e-flex e-con e-child\" data-id=\"5f2a20e\" data-element_type=\"container\">\n\t\t\t\t<div class=\"elementor-element elementor-element-847f5ce elementor-widget elementor-widget-text-editor\" data-id=\"847f5ce\" data-element_type=\"widget\" data-widget_type=\"text-editor.default\">\n\t\t\t\t\t\t\t\t\t<h2 data-start=\"263\" data-end=\"292\">\u00a0<\/h2><ol data-start=\"294\" data-end=\"1010\"><li data-start=\"294\" data-end=\"477\"><p data-start=\"297\" data-end=\"477\"><strong data-start=\"297\" data-end=\"310\">Ski alpin<\/strong> : le domaine compte environ 35 pistes (vertes \u00e0 noires), avec du d\u00e9nivel\u00e9 (plus de 1 500 m de d\u00e9nivel\u00e9) et un bon enneigement.\u00a0<\/p><\/li><li data-start=\"478\" data-end=\"599\"><p data-start=\"481\" data-end=\"599\"><strong data-start=\"481\" data-end=\"507\">Ski de fond \/ nordique<\/strong> : Environ 25km de pistes dam\u00e9es, plusieurs itin\u00e9raires disponibles.<\/p><\/li><li data-start=\"600\" data-end=\"710\"><p data-start=\"603\" data-end=\"710\"><strong data-start=\"603\" data-end=\"623\">Ski de randonn\u00e9e<\/strong> : pour les amateurs, avec itin\u00e9raires balis\u00e9s.<\/p><\/li><li data-start=\"711\" data-end=\"863\"><p data-start=\"714\" data-end=\"863\"><strong data-start=\"714\" data-end=\"746\">Raquettes &amp; balade hivernale<\/strong> : sentiers balis\u00e9s pour d\u00e9couvrir la nature enneig\u00e9e \u00e0 pied ou en raquettes.\u00a0<\/p><\/li><li data-start=\"864\" data-end=\"1010\"><p data-start=\"867\" data-end=\"1010\"><strong data-start=\"867\" data-end=\"889\">Fat-bike sur neige<\/strong> : VTT \u00e0 pneus larges sur neige (avec assistance \u00e9lectrique parfois) accompagn\u00e9e.<\/p><\/li><\/ol>\t\t\t\t\t\t\t\t<\/div>\n\t\t\t\t<\/div>\n\t\t\t\t\t<\/div>\n\t\t\t\t<\/div>\n\t\t<div class=\"elementor-element elementor-element-f9f72f7 e-flex e-con-boxed e-con e-parent\" data-id=\"f9f72f7\" data-element_type=\"container\">\n\t\t\t\t\t<div class=\"e-con-inner\">\n\t\t\t\t<div class=\"elementor-element elementor-element-e4fb155 elementor-widget elementor-widget-heading\" data-id=\"e4fb155\" data-element_type=\"widget\" data-widget_type=\"heading.default\">\n\t\t\t\t\t<h2 class=\"elementor-heading-title elementor-size-default\">Bien-\u00eatre, nature et d\u00e9tente<\/h2>\t\t\t\t<\/div>\n\t\t\t\t\t<\/div>\n\t\t\t\t<\/div>\n\t\t<div class=\"elementor-element elementor-element-70f1fb5 e-flex e-con-boxed e-con e-parent\" data-id=\"70f1fb5\" data-element_type=\"container\" data-settings=\"{&quot;background_background&quot;:&quot;classic&quot;}\">\n\t\t\t\t\t<div class=\"e-con-inner\">\n\t\t<div class=\"elementor-element elementor-element-f8821e6 e-con-full e-flex e-con e-child\" data-id=\"f8821e6\" data-element_type=\"container\">\n\t\t\t\t<div class=\"elementor-element elementor-element-fdc85f2 elementor-widget elementor-widget-text-editor\" data-id=\"fdc85f2\" data-element_type=\"widget\" data-widget_type=\"text-editor.default\">\n\t\t\t\t\t\t\t\t\t<ol><li><strong data-start=\"1055\" data-end=\"1084\">Randos hivernales guid\u00e9es<\/strong> : accompagn\u00e9s pour votre s\u00e9curit\u00e9, d\u00e9couvrir le massif des \u00c9crins sous un autre jour.\u00a0<\/li><\/ol><p data-start=\"1208\" data-end=\"1328\"><strong data-start=\"1208\" data-end=\"1241\">\u00a0 \u00a02. Balades en chiens de tra\u00eeneau<\/strong> : moment magique, \u00e0 partager en famille.\u00a0<\/p><p data-start=\"1332\" data-end=\"1452\"><strong data-start=\"1332\" data-end=\"1346\">\u00a0 \u00a03. <\/strong><strong data-start=\"1332\" data-end=\"1346\">Rando-luge<\/strong> : combiner mont\u00e9e et descente en luge (3,5 km de descente).\u00a0<\/p><p data-start=\"1456\" data-end=\"1540\"><strong data-start=\"1456\" data-end=\"1471\">\u00a0 \u00a04. Snake gliss<\/strong> : glisse collective ludique.\u00a0<\/p><p data-start=\"1544\" data-end=\"1676\"><strong data-start=\"1544\" data-end=\"1579\">\u00a0 \u00a05.Cascade de glace \/ Ice climbing<\/strong> : pour les amateurs d\u2019escalade en conditions hivernales.<\/p>\t\t\t\t\t\t\t\t<\/div>\n\t\t\t\t<\/div>\n\t\t<div class=\"elementor-element elementor-element-865de98 e-con-full e-flex e-con e-child\" data-id=\"865de98\" data-element_type=\"container\" data-settings=\"{&quot;background_background&quot;:&quot;classic&quot;}\">\n\t\t\t\t<div class=\"elementor-element elementor-element-aa26b50 elementor-widget elementor-widget-image\" data-id=\"aa26b50\" data-element_type=\"widget\" data-widget_type=\"image.default\">\n\t\t\t\t\t\t\t\t\t\t\t\t\t\t\t<img decoding=\"async\" src=\"https:\/\/www.labatissedespres.com\/wp-content\/uploads\/2025\/11\/chien-traineau-v2.jpg\" title=\"chien traineau v2\" alt=\"chien traineau v2\" loading=\"lazy\" \/>\t\t\t\t\t\t\t\t\t\t\t\t\t\t\t<\/div>\n\t\t\t\t<\/div>\n\t\t<div class=\"elementor-element elementor-element-5cfada1 e-con-full e-flex e-con e-child\" data-id=\"5cfada1\" data-element_type=\"container\">\n\t\t\t\t<div class=\"elementor-element elementor-element-6602db9 elementor-widget elementor-widget-image\" data-id=\"6602db9\" data-element_type=\"widget\" data-widget_type=\"image.default\">\n\t\t\t\t\t\t\t\t\t\t\t\t\t\t\t<img decoding=\"async\" src=\"https:\/\/www.labatissedespres.com\/wp-content\/uploads\/2025\/11\/ice-climbing.jpg\" title=\"ice climbing\" alt=\"ice climbing\" loading=\"lazy\" \/>\t\t\t\t\t\t\t\t\t\t\t\t\t\t\t<\/div>\n\t\t\t\t<\/div>\n\t\t<div class=\"elementor-element elementor-element-64d106d e-con-full e-flex e-con e-child\" data-id=\"64d106d\" data-element_type=\"container\">\n\t\t\t\t<div class=\"elementor-element elementor-element-67d73d4 elementor-widget elementor-widget-image\" data-id=\"67d73d4\" data-element_type=\"widget\" data-widget_type=\"image.default\">\n\t\t\t\t\t\t\t\t\t\t\t\t\t\t\t<img decoding=\"async\" src=\"https:\/\/www.labatissedespres.com\/wp-content\/uploads\/2025\/11\/ski-de-fond-rando-v2.jpg\" title=\"ski de fond rando v2\" alt=\"ski de fond rando v2\" loading=\"lazy\" \/>\t\t\t\t\t\t\t\t\t\t\t\t\t\t\t<\/div>\n\t\t\t\t<\/div>\n\t\t<div class=\"elementor-element elementor-element-d054e52 e-con-full e-flex e-con e-child\" data-id=\"d054e52\" data-element_type=\"container\">\n\t\t\t\t<div class=\"elementor-element elementor-element-a6fc922 elementor-widget elementor-widget-image\" data-id=\"a6fc922\" data-element_type=\"widget\" data-widget_type=\"image.default\">\n\t\t\t\t\t\t\t\t\t\t\t\t\t\t\t<img decoding=\"async\" src=\"https:\/\/www.labatissedespres.com\/wp-content\/uploads\/2025\/11\/snake-gliss-v2.jpg\" title=\"snake gliss v2\" alt=\"snake gliss v2\" loading=\"lazy\" \/>\t\t\t\t\t\t\t\t\t\t\t\t\t\t\t<\/div>\n\t\t\t\t<\/div>\n\t\t\t\t\t<\/div>\n\t\t\t\t<\/div>\n\t\t<div class=\"elementor-element elementor-element-401597c e-flex e-con-boxed e-con e-parent\" data-id=\"401597c\" data-element_type=\"container\">\n\t\t\t\t\t<div class=\"e-con-inner\">\n\t\t\t\t<div class=\"elementor-element elementor-element-013d82c elementor-widget elementor-widget-heading\" data-id=\"013d82c\" data-element_type=\"widget\" data-widget_type=\"heading.default\">\n\t\t\t\t\t<h2 class=\"elementor-heading-title elementor-size-default\">Apr\u00e8s ski et activit\u00e9 indoor<\/h2>\t\t\t\t<\/div>\n\t\t\t\t\t<\/div>\n\t\t\t\t<\/div>\n\t\t<div class=\"elementor-element elementor-element-1cae3bf e-flex e-con-boxed e-con e-parent\" data-id=\"1cae3bf\" data-element_type=\"container\">\n\t\t\t\t\t<div class=\"e-con-inner\">\n\t\t<div class=\"elementor-element elementor-element-0f4bf11 e-con-full e-flex e-con e-child\" data-id=\"0f4bf11\" data-element_type=\"container\">\n\t\t\t\t<div class=\"elementor-element elementor-element-166791d elementor-widget elementor-widget-image\" data-id=\"166791d\" data-element_type=\"widget\" data-widget_type=\"image.default\">\n\t\t\t\t\t\t\t\t\t\t\t\t\t\t\t<img decoding=\"async\" src=\"https:\/\/www.labatissedespres.com\/wp-content\/uploads\/2025\/11\/club-piou-piou-v2.jpg\" title=\"club piou piou v2\" alt=\"club piou piou v2\" loading=\"lazy\" \/>\t\t\t\t\t\t\t\t\t\t\t\t\t\t\t<\/div>\n\t\t\t\t<\/div>\n\t\t<div class=\"elementor-element elementor-element-a727796 e-con-full e-flex e-con e-child\" data-id=\"a727796\" data-element_type=\"container\">\n\t\t\t\t<div class=\"elementor-element elementor-element-18cda1b elementor-widget elementor-widget-text-editor\" data-id=\"18cda1b\" data-element_type=\"widget\" data-widget_type=\"text-editor.default\">\n\t\t\t\t\t\t\t\t\t<h2 data-start=\"1683\" data-end=\"1717\">\u00a0<\/h2><ol data-start=\"1719\" data-end=\"2207\"><li data-start=\"1719\" data-end=\"1909\"><p data-start=\"1722\" data-end=\"1909\"><strong data-start=\"1722\" data-end=\"1750\">Le complexe Le Panoramic<\/strong> : patinoire panoramique, bowling, salle d\u2019escalade sur bloc, espace de jeux (baby-foot, arcade), salle de spectacle.\u00a0<\/p><\/li><li data-start=\"1910\" data-end=\"2084\"><p data-start=\"1913\" data-end=\"2084\"><strong data-start=\"1913\" data-end=\"1942\">Cours &amp; jardins d\u2019enfants<\/strong> : ESF (\u00c9cole du Ski Fran\u00e7ais), club Piou Piou, mini-skieurs pour les tout-petits, jardins de neige.\u00a0<\/p><\/li><li data-start=\"2085\" data-end=\"2207\"><p data-start=\"2088\" data-end=\"2207\"><strong data-start=\"2088\" data-end=\"2111\">D\u00e9tente &amp; bien-\u00eatre<\/strong> : spa, moments gourmands, se reposer apr\u00e8s la glisse.<\/p><\/li><\/ol>\t\t\t\t\t\t\t\t<\/div>\n\t\t\t\t<\/div>\n\t\t<div class=\"elementor-element elementor-element-af80423 e-con-full e-flex e-con e-child\" data-id=\"af80423\" data-element_type=\"container\">\n\t\t\t\t<div class=\"elementor-element elementor-element-601a371 elementor-widget elementor-widget-image\" data-id=\"601a371\" data-element_type=\"widget\" data-widget_type=\"image.default\">\n\t\t\t\t\t\t\t\t\t\t\t\t\t\t\t<img decoding=\"async\" src=\"https:\/\/www.labatissedespres.com\/wp-content\/uploads\/2025\/11\/panoramic-escalade.jpg\" title=\"panoramic-escalade\" alt=\"panoramic-escalade\" loading=\"lazy\" \/>\t\t\t\t\t\t\t\t\t\t\t\t\t\t\t<\/div>\n\t\t\t\t<\/div>\n\t\t<div class=\"elementor-element elementor-element-5b0c95e e-con-full e-flex e-con e-child\" data-id=\"5b0c95e\" data-element_type=\"container\">\n\t\t\t\t<div class=\"elementor-element elementor-element-bf0ebe1 elementor-widget elementor-widget-image\" data-id=\"bf0ebe1\" data-element_type=\"widget\" data-widget_type=\"image.default\">\n\t\t\t\t\t\t\t\t\t\t\t\t\t\t\t<img decoding=\"async\" src=\"https:\/\/www.labatissedespres.com\/wp-content\/uploads\/2025\/11\/moment-detente-v2.jpg\" title=\"moment d\u00e9tente v2\" alt=\"moment d\u00e9tente v2\" loading=\"lazy\" \/>\t\t\t\t\t\t\t\t\t\t\t\t\t\t\t<\/div>\n\t\t\t\t<\/div>\n\t\t\t\t\t<\/div>\n\t\t\t\t<\/div>\n\t\t\t\t<\/div>\n\t\t","protected":false},"excerpt":{"rendered":"<p>Activit\u00e9s \u00c0 Puy-Saint-Vincent, l\u2019hiver se vit entre plaisirs de la glisse, avec ski alpin, snowboard et luge, aventures nordiques comme les balades en raquettes, chiens de tra\u00eeneau ou ski de fond, et moments de d\u00e9tente au spa, \u00e0 la patinoire ou autour d\u2019un bon repas en altitude.Une station chaleureuse au c\u0153ur du parc national des [&hellip;]<\/p>\n","protected":false},"author":1,"featured_media":0,"parent":0,"menu_order":0,"comment_status":"closed","ping_status":"closed","template":"","meta":{"footnotes":""},"class_list":["post-639","page","type-page","status-publish","hentry"],"_links":{"self":[{"href":"https:\/\/www.labatissedespres.com\/index.php\/wp-json\/wp\/v2\/pages\/639","targetHints":{"allow":["GET"]}}],"collection":[{"href":"https:\/\/www.labatissedespres.com\/index.php\/wp-json\/wp\/v2\/pages"}],"about":[{"href":"https:\/\/www.labatissedespres.com\/index.php\/wp-json\/wp\/v2\/types\/page"}],"author":[{"embeddable":true,"href":"https:\/\/www.labatissedespres.com\/index.php\/wp-json\/wp\/v2\/users\/1"}],"replies":[{"embeddable":true,"href":"https:\/\/www.labatissedespres.com\/index.php\/wp-json\/wp\/v2\/comments?post=639"}],"version-history":[{"count":83,"href":"https:\/\/www.labatissedespres.com\/index.php\/wp-json\/wp\/v2\/pages\/639\/revisions"}],"predecessor-version":[{"id":1423,"href":"https:\/\/www.labatissedespres.com\/index.php\/wp-json\/wp\/v2\/pages\/639\/revisions\/1423"}],"wp:attachment":[{"href":"https:\/\/www.labatissedespres.com\/index.php\/wp-json\/wp\/v2\/media?parent=639"}],"curies":[{"name":"wp","href":"https:\/\/api.w.org\/{rel}","templated":true}]}}