{"id":620,"date":"2025-10-12T09:10:30","date_gmt":"2025-10-12T09:10:30","guid":{"rendered":"https:\/\/www.labatissedespres.com\/?page_id=620"},"modified":"2025-11-09T17:12:43","modified_gmt":"2025-11-09T17:12:43","slug":"tournoux","status":"publish","type":"page","link":"https:\/\/www.labatissedespres.com\/index.php\/tournoux\/","title":{"rendered":"Tournoux"},"content":{"rendered":"\t\t<div data-elementor-type=\"wp-page\" data-elementor-id=\"620\" class=\"elementor elementor-620\">\n\t\t\t\t<div class=\"elementor-element elementor-element-5d8e3dc5 e-con-full e-flex e-con e-parent\" data-id=\"5d8e3dc5\" data-element_type=\"container\">\n\t\t\t\t<div class=\"elementor-element elementor-element-6afd2f08 elementor-widget__width-inherit elementor-widget elementor-widget-image\" data-id=\"6afd2f08\" data-element_type=\"widget\" data-widget_type=\"image.default\">\n\t\t\t\t\t\t\t\t\t\t\t\t\t\t\t<img decoding=\"async\" src=\"https:\/\/www.labatissedespres.com\/wp-content\/uploads\/2025\/10\/tournoux-pdv-site.jpg\" title=\"tournoux pdv site\" alt=\"tournoux pdv site\" loading=\"lazy\" \/>\t\t\t\t\t\t\t\t\t\t\t\t\t\t\t<\/div>\n\t\t\t\t<\/div>\n\t\t<div class=\"elementor-element elementor-element-cbcdf02 e-flex e-con-boxed e-con e-parent\" data-id=\"cbcdf02\" data-element_type=\"container\">\n\t\t\t\t\t<div class=\"e-con-inner\">\n\t\t\t\t<div class=\"elementor-element elementor-element-254ef9e2 elementor-widget__width-inherit elementor-widget elementor-widget-heading\" data-id=\"254ef9e2\" data-element_type=\"widget\" data-widget_type=\"heading.default\">\n\t\t\t\t\t<h2 class=\"elementor-heading-title elementor-size-default\">Tournoux<\/h2>\t\t\t\t<\/div>\n\t\t\t\t\t<\/div>\n\t\t\t\t<\/div>\n\t\t<div class=\"elementor-element elementor-element-4d25e6ea e-flex e-con-boxed e-con e-parent\" data-id=\"4d25e6ea\" data-element_type=\"container\" data-settings=\"{&quot;background_background&quot;:&quot;classic&quot;}\">\n\t\t\t\t\t<div class=\"e-con-inner\">\n\t\t\t\t<div class=\"elementor-element elementor-element-60ed792f elementor-widget__width-initial elementor-widget elementor-widget-text-editor\" data-id=\"60ed792f\" data-element_type=\"widget\" data-widget_type=\"text-editor.default\">\n\t\t\t\t\t\t\t\t\t<h5>Son atmosph\u00e8re unique, ses teintes claires et reposante, l&rsquo;endroit id\u00e9al pour se ressourcer<\/h5>\t\t\t\t\t\t\t\t<\/div>\n\t\t\t\t\t<\/div>\n\t\t\t\t<\/div>\n\t\t<div class=\"elementor-element elementor-element-3b4961b6 e-flex e-con-boxed e-con e-parent\" data-id=\"3b4961b6\" data-element_type=\"container\">\n\t\t\t\t\t<div class=\"e-con-inner\">\n\t\t\t\t<div class=\"elementor-element elementor-element-ccec983 elementor-widget__width-inherit elementor-widget elementor-widget-heading\" data-id=\"ccec983\" data-element_type=\"widget\" data-widget_type=\"heading.default\">\n\t\t\t\t\t<h2 class=\"elementor-heading-title elementor-size-default\">Caract\u00e9ristiques de l'appartement<\/h2>\t\t\t\t<\/div>\n\t\t\t\t\t<\/div>\n\t\t\t\t<\/div>\n\t\t<div class=\"elementor-element elementor-element-6d7cd64 e-flex e-con-boxed e-con e-parent\" data-id=\"6d7cd64\" data-element_type=\"container\">\n\t\t\t\t\t<div class=\"e-con-inner\">\n\t\t<div class=\"elementor-element elementor-element-75013009 e-con-full e-flex e-con e-child\" data-id=\"75013009\" data-element_type=\"container\">\n\t\t\t\t<div class=\"elementor-element elementor-element-325df21f elementor-widget elementor-widget-image\" data-id=\"325df21f\" data-element_type=\"widget\" data-widget_type=\"image.default\">\n\t\t\t\t\t\t\t\t\t\t\t\t\t\t\t<img fetchpriority=\"high\" decoding=\"async\" width=\"768\" height=\"576\" src=\"https:\/\/www.labatissedespres.com\/wp-content\/uploads\/2025\/10\/tournoux-chambre-site-768x576.jpg\" class=\"attachment-medium_large size-medium_large wp-image-1064\" alt=\"\" srcset=\"https:\/\/www.labatissedespres.com\/wp-content\/uploads\/2025\/10\/tournoux-chambre-site-768x576.jpg 768w, https:\/\/www.labatissedespres.com\/wp-content\/uploads\/2025\/10\/tournoux-chambre-site-300x225.jpg 300w, https:\/\/www.labatissedespres.com\/wp-content\/uploads\/2025\/10\/tournoux-chambre-site.jpg 800w\" sizes=\"(max-width: 768px) 100vw, 768px\" \/>\t\t\t\t\t\t\t\t\t\t\t\t\t\t\t<\/div>\n\t\t\t\t<\/div>\n\t\t<div class=\"elementor-element elementor-element-46c01425 e-con-full e-flex e-con e-child\" data-id=\"46c01425\" data-element_type=\"container\">\n\t\t\t\t<div class=\"elementor-element elementor-element-406cda79 elementor-widget elementor-widget-text-editor\" data-id=\"406cda79\" data-element_type=\"widget\" data-widget_type=\"text-editor.default\">\n\t\t\t\t\t\t\t\t\t<p>Lorem ipsum dolor sit amet, consectetur adipiscing elit. Ut elit tellus, luctus nec ullamcorper mattis, pulvinar dapibus leo.<\/p>\t\t\t\t\t\t\t\t<\/div>\n\t\t\t\t<\/div>\n\t\t\t\t\t<\/div>\n\t\t\t\t<\/div>\n\t\t<div class=\"elementor-element elementor-element-6a3e78aa e-flex e-con-boxed e-con e-parent\" data-id=\"6a3e78aa\" data-element_type=\"container\">\n\t\t\t\t\t<div class=\"e-con-inner\">\n\t\t\t\t<div class=\"elementor-element elementor-element-5c3a3c10 elementor-widget__width-inherit elementor-widget elementor-widget-heading\" data-id=\"5c3a3c10\" data-element_type=\"widget\" data-widget_type=\"heading.default\">\n\t\t\t\t\t<h2 class=\"elementor-heading-title elementor-size-default\">Equipements de l'appartement<\/h2>\t\t\t\t<\/div>\n\t\t\t\t\t<\/div>\n\t\t\t\t<\/div>\n\t\t<div class=\"elementor-element elementor-element-4eb1e07d e-flex e-con-boxed e-con e-parent\" data-id=\"4eb1e07d\" data-element_type=\"container\" data-settings=\"{&quot;background_background&quot;:&quot;classic&quot;}\">\n\t\t\t\t\t<div class=\"e-con-inner\">\n\t\t<div class=\"elementor-element elementor-element-45e07abe e-con-full e-flex e-con e-child\" data-id=\"45e07abe\" data-element_type=\"container\">\n\t\t\t\t<div class=\"elementor-element elementor-element-2741748d elementor-widget elementor-widget-text-editor\" data-id=\"2741748d\" data-element_type=\"widget\" data-widget_type=\"text-editor.default\">\n\t\t\t\t\t\t\t\t\t<p>Lorem ipsum dolor sit amet, consectetur adipiscing elit. Ut elit tellus, luctus nec ullamcorper mattis, pulvinar dapibus leo.<\/p>\t\t\t\t\t\t\t\t<\/div>\n\t\t\t\t<\/div>\n\t\t<div class=\"elementor-element elementor-element-44d87e1c e-con-full e-flex e-con e-child\" data-id=\"44d87e1c\" data-element_type=\"container\">\n\t\t\t\t<div class=\"elementor-element elementor-element-68398d5f elementor-widget elementor-widget-image\" data-id=\"68398d5f\" data-element_type=\"widget\" data-widget_type=\"image.default\">\n\t\t\t\t\t\t\t\t\t\t\t\t\t\t\t<img decoding=\"async\" width=\"800\" height=\"600\" src=\"https:\/\/www.labatissedespres.com\/wp-content\/uploads\/2025\/10\/tournoux-pdv-2-site.jpg\" class=\"attachment-large size-large wp-image-1063\" alt=\"\" srcset=\"https:\/\/www.labatissedespres.com\/wp-content\/uploads\/2025\/10\/tournoux-pdv-2-site.jpg 800w, https:\/\/www.labatissedespres.com\/wp-content\/uploads\/2025\/10\/tournoux-pdv-2-site-300x225.jpg 300w, https:\/\/www.labatissedespres.com\/wp-content\/uploads\/2025\/10\/tournoux-pdv-2-site-768x576.jpg 768w\" sizes=\"(max-width: 800px) 100vw, 800px\" \/>\t\t\t\t\t\t\t\t\t\t\t\t\t\t\t<\/div>\n\t\t\t\t<\/div>\n\t\t\t\t\t<\/div>\n\t\t\t\t<\/div>\n\t\t<div class=\"elementor-element elementor-element-11ffd8a8 e-flex e-con-boxed e-con e-parent\" data-id=\"11ffd8a8\" data-element_type=\"container\">\n\t\t\t\t\t<div class=\"e-con-inner\">\n\t\t\t\t<div class=\"elementor-element elementor-element-5374c131 elementor-widget elementor-widget-heading\" data-id=\"5374c131\" data-element_type=\"widget\" data-widget_type=\"heading.default\">\n\t\t\t\t\t<h2 class=\"elementor-heading-title elementor-size-default\">Galerie photos<\/h2>\t\t\t\t<\/div>\n\t\t\t\t\t<\/div>\n\t\t\t\t<\/div>\n\t\t<div class=\"elementor-element elementor-element-59e98e83 e-flex e-con-boxed e-con e-parent\" data-id=\"59e98e83\" data-element_type=\"container\">\n\t\t\t\t\t<div class=\"e-con-inner\">\n\t\t\t\t<div class=\"elementor-element elementor-element-6e966ea3 gallery-spacing-custom elementor-widget__width-inherit elementor-widget elementor-widget-image-gallery\" data-id=\"6e966ea3\" data-element_type=\"widget\" data-widget_type=\"image-gallery.default\">\n\t\t\t\t\t\t\t<div class=\"elementor-image-gallery\">\n\t\t\t<div id='gallery-1' class='gallery galleryid-620 gallery-columns-4 gallery-size-medium_large'><figure class='gallery-item'>\n\t\t\t<div class='gallery-icon landscape'>\n\t\t\t\t<a data-elementor-open-lightbox=\"yes\" data-elementor-lightbox-slideshow=\"6e966ea3\" data-elementor-lightbox-title=\"tournoux chambre site\" data-e-action-hash=\"#elementor-action%3Aaction%3Dlightbox%26settings%3DeyJpZCI6MTA2NCwidXJsIjoiaHR0cHM6XC9cL3d3dy5sYWJhdGlzc2VkZXNwcmVzLmNvbVwvd3AtY29udGVudFwvdXBsb2Fkc1wvMjAyNVwvMTBcL3RvdXJub3V4LWNoYW1icmUtc2l0ZS5qcGciLCJzbGlkZXNob3ciOiI2ZTk2NmVhMyJ9\" href='https:\/\/www.labatissedespres.com\/wp-content\/uploads\/2025\/10\/tournoux-chambre-site.jpg'><img decoding=\"async\" width=\"768\" height=\"576\" src=\"https:\/\/www.labatissedespres.com\/wp-content\/uploads\/2025\/10\/tournoux-chambre-site-768x576.jpg\" class=\"attachment-medium_large size-medium_large\" alt=\"\" srcset=\"https:\/\/www.labatissedespres.com\/wp-content\/uploads\/2025\/10\/tournoux-chambre-site-768x576.jpg 768w, https:\/\/www.labatissedespres.com\/wp-content\/uploads\/2025\/10\/tournoux-chambre-site-300x225.jpg 300w, https:\/\/www.labatissedespres.com\/wp-content\/uploads\/2025\/10\/tournoux-chambre-site.jpg 800w\" sizes=\"(max-width: 768px) 100vw, 768px\" \/><\/a>\n\t\t\t<\/div><\/figure><figure class='gallery-item'>\n\t\t\t<div class='gallery-icon landscape'>\n\t\t\t\t<a data-elementor-open-lightbox=\"yes\" data-elementor-lightbox-slideshow=\"6e966ea3\" data-elementor-lightbox-title=\"tournoux pdv 2 site\" data-e-action-hash=\"#elementor-action%3Aaction%3Dlightbox%26settings%3DeyJpZCI6MTA2MywidXJsIjoiaHR0cHM6XC9cL3d3dy5sYWJhdGlzc2VkZXNwcmVzLmNvbVwvd3AtY29udGVudFwvdXBsb2Fkc1wvMjAyNVwvMTBcL3RvdXJub3V4LXBkdi0yLXNpdGUuanBnIiwic2xpZGVzaG93IjoiNmU5NjZlYTMifQ%3D%3D\" href='https:\/\/www.labatissedespres.com\/wp-content\/uploads\/2025\/10\/tournoux-pdv-2-site.jpg'><img loading=\"lazy\" decoding=\"async\" width=\"768\" height=\"576\" src=\"https:\/\/www.labatissedespres.com\/wp-content\/uploads\/2025\/10\/tournoux-pdv-2-site-768x576.jpg\" class=\"attachment-medium_large size-medium_large\" alt=\"\" srcset=\"https:\/\/www.labatissedespres.com\/wp-content\/uploads\/2025\/10\/tournoux-pdv-2-site-768x576.jpg 768w, https:\/\/www.labatissedespres.com\/wp-content\/uploads\/2025\/10\/tournoux-pdv-2-site-300x225.jpg 300w, https:\/\/www.labatissedespres.com\/wp-content\/uploads\/2025\/10\/tournoux-pdv-2-site.jpg 800w\" sizes=\"(max-width: 768px) 100vw, 768px\" \/><\/a>\n\t\t\t<\/div><\/figure><figure class='gallery-item'>\n\t\t\t<div class='gallery-icon landscape'>\n\t\t\t\t<a data-elementor-open-lightbox=\"yes\" data-elementor-lightbox-slideshow=\"6e966ea3\" data-elementor-lightbox-title=\"Chambre 3 new\" data-e-action-hash=\"#elementor-action%3Aaction%3Dlightbox%26settings%3DeyJpZCI6MTE1MiwidXJsIjoiaHR0cHM6XC9cL3d3dy5sYWJhdGlzc2VkZXNwcmVzLmNvbVwvd3AtY29udGVudFwvdXBsb2Fkc1wvMjAyNVwvMTFcL0NoYW1icmUtMy1uZXctc2NhbGVkLmpwZyIsInNsaWRlc2hvdyI6IjZlOTY2ZWEzIn0%3D\" href='https:\/\/www.labatissedespres.com\/wp-content\/uploads\/2025\/11\/Chambre-3-new-scaled.jpg'><img loading=\"lazy\" decoding=\"async\" width=\"768\" height=\"576\" src=\"https:\/\/www.labatissedespres.com\/wp-content\/uploads\/2025\/11\/Chambre-3-new-768x576.jpg\" class=\"attachment-medium_large size-medium_large\" alt=\"\" srcset=\"https:\/\/www.labatissedespres.com\/wp-content\/uploads\/2025\/11\/Chambre-3-new-768x576.jpg 768w, https:\/\/www.labatissedespres.com\/wp-content\/uploads\/2025\/11\/Chambre-3-new-300x225.jpg 300w, https:\/\/www.labatissedespres.com\/wp-content\/uploads\/2025\/11\/Chambre-3-new-1024x768.jpg 1024w, https:\/\/www.labatissedespres.com\/wp-content\/uploads\/2025\/11\/Chambre-3-new-1536x1152.jpg 1536w, https:\/\/www.labatissedespres.com\/wp-content\/uploads\/2025\/11\/Chambre-3-new-2048x1536.jpg 2048w\" sizes=\"(max-width: 768px) 100vw, 768px\" \/><\/a>\n\t\t\t<\/div><\/figure><figure class='gallery-item'>\n\t\t\t<div class='gallery-icon landscape'>\n\t\t\t\t<a data-elementor-open-lightbox=\"yes\" data-elementor-lightbox-slideshow=\"6e966ea3\" data-elementor-lightbox-title=\"chambre tournoux new\" data-e-action-hash=\"#elementor-action%3Aaction%3Dlightbox%26settings%3DeyJpZCI6MTUyMywidXJsIjoiaHR0cHM6XC9cL3d3dy5sYWJhdGlzc2VkZXNwcmVzLmNvbVwvd3AtY29udGVudFwvdXBsb2Fkc1wvMjAyNVwvMTFcL2NoYW1icmUtdG91cm5vdXgtbmV3LmpwZyIsInNsaWRlc2hvdyI6IjZlOTY2ZWEzIn0%3D\" href='https:\/\/www.labatissedespres.com\/wp-content\/uploads\/2025\/11\/chambre-tournoux-new.jpg'><img loading=\"lazy\" decoding=\"async\" width=\"768\" height=\"576\" src=\"https:\/\/www.labatissedespres.com\/wp-content\/uploads\/2025\/11\/chambre-tournoux-new-768x576.jpg\" class=\"attachment-medium_large size-medium_large\" alt=\"\" srcset=\"https:\/\/www.labatissedespres.com\/wp-content\/uploads\/2025\/11\/chambre-tournoux-new-768x576.jpg 768w, https:\/\/www.labatissedespres.com\/wp-content\/uploads\/2025\/11\/chambre-tournoux-new-300x225.jpg 300w, https:\/\/www.labatissedespres.com\/wp-content\/uploads\/2025\/11\/chambre-tournoux-new.jpg 800w\" sizes=\"(max-width: 768px) 100vw, 768px\" \/><\/a>\n\t\t\t<\/div><\/figure><figure class='gallery-item'>\n\t\t\t<div class='gallery-icon landscape'>\n\t\t\t\t<a data-elementor-open-lightbox=\"yes\" data-elementor-lightbox-slideshow=\"6e966ea3\" data-elementor-lightbox-title=\"Couloir new\" data-e-action-hash=\"#elementor-action%3Aaction%3Dlightbox%26settings%3DeyJpZCI6MTE1MywidXJsIjoiaHR0cHM6XC9cL3d3dy5sYWJhdGlzc2VkZXNwcmVzLmNvbVwvd3AtY29udGVudFwvdXBsb2Fkc1wvMjAyNVwvMTFcL0NvdWxvaXItbmV3LXNjYWxlZC5qcGciLCJzbGlkZXNob3ciOiI2ZTk2NmVhMyJ9\" href='https:\/\/www.labatissedespres.com\/wp-content\/uploads\/2025\/11\/Couloir-new-scaled.jpg'><img loading=\"lazy\" decoding=\"async\" width=\"768\" height=\"576\" src=\"https:\/\/www.labatissedespres.com\/wp-content\/uploads\/2025\/11\/Couloir-new-768x576.jpg\" class=\"attachment-medium_large size-medium_large\" alt=\"\" srcset=\"https:\/\/www.labatissedespres.com\/wp-content\/uploads\/2025\/11\/Couloir-new-768x576.jpg 768w, https:\/\/www.labatissedespres.com\/wp-content\/uploads\/2025\/11\/Couloir-new-300x225.jpg 300w, https:\/\/www.labatissedespres.com\/wp-content\/uploads\/2025\/11\/Couloir-new-1024x768.jpg 1024w, https:\/\/www.labatissedespres.com\/wp-content\/uploads\/2025\/11\/Couloir-new-1536x1152.jpg 1536w, https:\/\/www.labatissedespres.com\/wp-content\/uploads\/2025\/11\/Couloir-new-2048x1536.jpg 2048w\" sizes=\"(max-width: 768px) 100vw, 768px\" \/><\/a>\n\t\t\t<\/div><\/figure><figure class='gallery-item'>\n\t\t\t<div class='gallery-icon landscape'>\n\t\t\t\t<a data-elementor-open-lightbox=\"yes\" data-elementor-lightbox-slideshow=\"6e966ea3\" data-elementor-lightbox-title=\"tournoux pdv new\" data-e-action-hash=\"#elementor-action%3Aaction%3Dlightbox%26settings%3DeyJpZCI6MTUxOSwidXJsIjoiaHR0cHM6XC9cL3d3dy5sYWJhdGlzc2VkZXNwcmVzLmNvbVwvd3AtY29udGVudFwvdXBsb2Fkc1wvMjAyNVwvMTFcL3RvdXJub3V4LXBkdi1uZXcuanBnIiwic2xpZGVzaG93IjoiNmU5NjZlYTMifQ%3D%3D\" href='https:\/\/www.labatissedespres.com\/wp-content\/uploads\/2025\/11\/tournoux-pdv-new.jpg'><img loading=\"lazy\" decoding=\"async\" width=\"768\" height=\"576\" src=\"https:\/\/www.labatissedespres.com\/wp-content\/uploads\/2025\/11\/tournoux-pdv-new-768x576.jpg\" class=\"attachment-medium_large size-medium_large\" alt=\"\" srcset=\"https:\/\/www.labatissedespres.com\/wp-content\/uploads\/2025\/11\/tournoux-pdv-new-768x576.jpg 768w, https:\/\/www.labatissedespres.com\/wp-content\/uploads\/2025\/11\/tournoux-pdv-new-300x225.jpg 300w, https:\/\/www.labatissedespres.com\/wp-content\/uploads\/2025\/11\/tournoux-pdv-new.jpg 800w\" sizes=\"(max-width: 768px) 100vw, 768px\" \/><\/a>\n\t\t\t<\/div><\/figure><figure class='gallery-item'>\n\t\t\t<div class='gallery-icon landscape'>\n\t\t\t\t<a data-elementor-open-lightbox=\"yes\" data-elementor-lightbox-slideshow=\"6e966ea3\" data-elementor-lightbox-title=\"PDV 3 new\" data-e-action-hash=\"#elementor-action%3Aaction%3Dlightbox%26settings%3DeyJpZCI6MTE1NCwidXJsIjoiaHR0cHM6XC9cL3d3dy5sYWJhdGlzc2VkZXNwcmVzLmNvbVwvd3AtY29udGVudFwvdXBsb2Fkc1wvMjAyNVwvMTFcL1BEVi0zLW5ldy1zY2FsZWQuanBnIiwic2xpZGVzaG93IjoiNmU5NjZlYTMifQ%3D%3D\" href='https:\/\/www.labatissedespres.com\/wp-content\/uploads\/2025\/11\/PDV-3-new-scaled.jpg'><img loading=\"lazy\" decoding=\"async\" width=\"768\" height=\"576\" src=\"https:\/\/www.labatissedespres.com\/wp-content\/uploads\/2025\/11\/PDV-3-new-768x576.jpg\" class=\"attachment-medium_large size-medium_large\" alt=\"\" srcset=\"https:\/\/www.labatissedespres.com\/wp-content\/uploads\/2025\/11\/PDV-3-new-768x576.jpg 768w, https:\/\/www.labatissedespres.com\/wp-content\/uploads\/2025\/11\/PDV-3-new-300x225.jpg 300w, https:\/\/www.labatissedespres.com\/wp-content\/uploads\/2025\/11\/PDV-3-new-1024x768.jpg 1024w, https:\/\/www.labatissedespres.com\/wp-content\/uploads\/2025\/11\/PDV-3-new-1536x1152.jpg 1536w, https:\/\/www.labatissedespres.com\/wp-content\/uploads\/2025\/11\/PDV-3-new-2048x1536.jpg 2048w\" sizes=\"(max-width: 768px) 100vw, 768px\" \/><\/a>\n\t\t\t<\/div><\/figure><figure class='gallery-item'>\n\t\t\t<div class='gallery-icon landscape'>\n\t\t\t\t<a data-elementor-open-lightbox=\"yes\" data-elementor-lightbox-slideshow=\"6e966ea3\" data-elementor-lightbox-title=\"SDB tournoux new\" data-e-action-hash=\"#elementor-action%3Aaction%3Dlightbox%26settings%3DeyJpZCI6MTUyNCwidXJsIjoiaHR0cHM6XC9cL3d3dy5sYWJhdGlzc2VkZXNwcmVzLmNvbVwvd3AtY29udGVudFwvdXBsb2Fkc1wvMjAyNVwvMTFcL1NEQi10b3Vybm91eC1uZXcuanBnIiwic2xpZGVzaG93IjoiNmU5NjZlYTMifQ%3D%3D\" href='https:\/\/www.labatissedespres.com\/wp-content\/uploads\/2025\/11\/SDB-tournoux-new.jpg'><img loading=\"lazy\" decoding=\"async\" width=\"768\" height=\"576\" src=\"https:\/\/www.labatissedespres.com\/wp-content\/uploads\/2025\/11\/SDB-tournoux-new-768x576.jpg\" class=\"attachment-medium_large size-medium_large\" alt=\"\" srcset=\"https:\/\/www.labatissedespres.com\/wp-content\/uploads\/2025\/11\/SDB-tournoux-new-768x576.jpg 768w, https:\/\/www.labatissedespres.com\/wp-content\/uploads\/2025\/11\/SDB-tournoux-new-300x225.jpg 300w, https:\/\/www.labatissedespres.com\/wp-content\/uploads\/2025\/11\/SDB-tournoux-new.jpg 800w\" sizes=\"(max-width: 768px) 100vw, 768px\" \/><\/a>\n\t\t\t<\/div><\/figure><figure class='gallery-item'>\n\t\t\t<div class='gallery-icon landscape'>\n\t\t\t\t<a data-elementor-open-lightbox=\"yes\" data-elementor-lightbox-slideshow=\"6e966ea3\" data-elementor-lightbox-title=\"SDB 1 new\" data-e-action-hash=\"#elementor-action%3Aaction%3Dlightbox%26settings%3DeyJpZCI6MTE1NSwidXJsIjoiaHR0cHM6XC9cL3d3dy5sYWJhdGlzc2VkZXNwcmVzLmNvbVwvd3AtY29udGVudFwvdXBsb2Fkc1wvMjAyNVwvMTFcL1NEQi0xLW5ldy0xLXNjYWxlZC5qcGciLCJzbGlkZXNob3ciOiI2ZTk2NmVhMyJ9\" href='https:\/\/www.labatissedespres.com\/wp-content\/uploads\/2025\/11\/SDB-1-new-1-scaled.jpg'><img loading=\"lazy\" decoding=\"async\" width=\"768\" height=\"576\" src=\"https:\/\/www.labatissedespres.com\/wp-content\/uploads\/2025\/11\/SDB-1-new-1-768x576.jpg\" class=\"attachment-medium_large size-medium_large\" alt=\"\" srcset=\"https:\/\/www.labatissedespres.com\/wp-content\/uploads\/2025\/11\/SDB-1-new-1-768x576.jpg 768w, https:\/\/www.labatissedespres.com\/wp-content\/uploads\/2025\/11\/SDB-1-new-1-300x225.jpg 300w, https:\/\/www.labatissedespres.com\/wp-content\/uploads\/2025\/11\/SDB-1-new-1-1024x768.jpg 1024w, https:\/\/www.labatissedespres.com\/wp-content\/uploads\/2025\/11\/SDB-1-new-1-1536x1152.jpg 1536w, https:\/\/www.labatissedespres.com\/wp-content\/uploads\/2025\/11\/SDB-1-new-1-2048x1536.jpg 2048w\" sizes=\"(max-width: 768px) 100vw, 768px\" \/><\/a>\n\t\t\t<\/div><\/figure><figure class='gallery-item'>\n\t\t\t<div class='gallery-icon landscape'>\n\t\t\t\t<a data-elementor-open-lightbox=\"yes\" data-elementor-lightbox-slideshow=\"6e966ea3\" data-elementor-lightbox-title=\"IMG-20240821-WA0020\" data-e-action-hash=\"#elementor-action%3Aaction%3Dlightbox%26settings%3DeyJpZCI6MTE1NiwidXJsIjoiaHR0cHM6XC9cL3d3dy5sYWJhdGlzc2VkZXNwcmVzLmNvbVwvd3AtY29udGVudFwvdXBsb2Fkc1wvMjAyNVwvMTFcL0lNRy0yMDI0MDgyMS1XQTAwMjAuanBlZyIsInNsaWRlc2hvdyI6IjZlOTY2ZWEzIn0%3D\" href='https:\/\/www.labatissedespres.com\/wp-content\/uploads\/2025\/11\/IMG-20240821-WA0020.jpeg'><img loading=\"lazy\" decoding=\"async\" width=\"768\" height=\"576\" src=\"https:\/\/www.labatissedespres.com\/wp-content\/uploads\/2025\/11\/IMG-20240821-WA0020-768x576.jpeg\" class=\"attachment-medium_large size-medium_large\" alt=\"\" srcset=\"https:\/\/www.labatissedespres.com\/wp-content\/uploads\/2025\/11\/IMG-20240821-WA0020-768x576.jpeg 768w, https:\/\/www.labatissedespres.com\/wp-content\/uploads\/2025\/11\/IMG-20240821-WA0020-300x225.jpeg 300w, https:\/\/www.labatissedespres.com\/wp-content\/uploads\/2025\/11\/IMG-20240821-WA0020-1024x768.jpeg 1024w, https:\/\/www.labatissedespres.com\/wp-content\/uploads\/2025\/11\/IMG-20240821-WA0020-1536x1152.jpeg 1536w, https:\/\/www.labatissedespres.com\/wp-content\/uploads\/2025\/11\/IMG-20240821-WA0020.jpeg 2000w\" sizes=\"(max-width: 768px) 100vw, 768px\" \/><\/a>\n\t\t\t<\/div><\/figure><figure class='gallery-item'>\n\t\t\t<div class='gallery-icon portrait'>\n\t\t\t\t<a data-elementor-open-lightbox=\"yes\" data-elementor-lightbox-slideshow=\"6e966ea3\" data-elementor-lightbox-title=\"IMG-20240821-WA0021\" data-e-action-hash=\"#elementor-action%3Aaction%3Dlightbox%26settings%3DeyJpZCI6MTE1NywidXJsIjoiaHR0cHM6XC9cL3d3dy5sYWJhdGlzc2VkZXNwcmVzLmNvbVwvd3AtY29udGVudFwvdXBsb2Fkc1wvMjAyNVwvMTFcL0lNRy0yMDI0MDgyMS1XQTAwMjEuanBlZyIsInNsaWRlc2hvdyI6IjZlOTY2ZWEzIn0%3D\" href='https:\/\/www.labatissedespres.com\/wp-content\/uploads\/2025\/11\/IMG-20240821-WA0021.jpeg'><img loading=\"lazy\" decoding=\"async\" width=\"768\" height=\"1024\" src=\"https:\/\/www.labatissedespres.com\/wp-content\/uploads\/2025\/11\/IMG-20240821-WA0021-768x1024.jpeg\" class=\"attachment-medium_large size-medium_large\" alt=\"\" srcset=\"https:\/\/www.labatissedespres.com\/wp-content\/uploads\/2025\/11\/IMG-20240821-WA0021-768x1024.jpeg 768w, https:\/\/www.labatissedespres.com\/wp-content\/uploads\/2025\/11\/IMG-20240821-WA0021-225x300.jpeg 225w, https:\/\/www.labatissedespres.com\/wp-content\/uploads\/2025\/11\/IMG-20240821-WA0021-1152x1536.jpeg 1152w, https:\/\/www.labatissedespres.com\/wp-content\/uploads\/2025\/11\/IMG-20240821-WA0021.jpeg 1500w\" sizes=\"(max-width: 768px) 100vw, 768px\" \/><\/a>\n\t\t\t<\/div><\/figure>\n\t\t<\/div>\n\t\t<\/div>\n\t\t\t\t\t\t<\/div>\n\t\t\t\t\t<\/div>\n\t\t\t\t<\/div>\n\t\t\t\t<\/div>\n\t\t","protected":false},"excerpt":{"rendered":"<p>Tournoux Son atmosph\u00e8re unique, ses teintes claires et reposante, l&rsquo;endroit id\u00e9al pour se ressourcer Caract\u00e9ristiques de l&rsquo;appartement Lorem ipsum dolor sit amet, consectetur adipiscing elit. Ut elit tellus, luctus nec ullamcorper mattis, pulvinar dapibus leo. Equipements de l&rsquo;appartement Lorem ipsum dolor sit amet, consectetur adipiscing elit. Ut elit tellus, luctus nec ullamcorper mattis, pulvinar dapibus [&hellip;]<\/p>\n","protected":false},"author":1,"featured_media":0,"parent":0,"menu_order":0,"comment_status":"closed","ping_status":"closed","template":"","meta":{"footnotes":""},"class_list":["post-620","page","type-page","status-publish","hentry"],"_links":{"self":[{"href":"https:\/\/www.labatissedespres.com\/index.php\/wp-json\/wp\/v2\/pages\/620","targetHints":{"allow":["GET"]}}],"collection":[{"href":"https:\/\/www.labatissedespres.com\/index.php\/wp-json\/wp\/v2\/pages"}],"about":[{"href":"https:\/\/www.labatissedespres.com\/index.php\/wp-json\/wp\/v2\/types\/page"}],"author":[{"embeddable":true,"href":"https:\/\/www.labatissedespres.com\/index.php\/wp-json\/wp\/v2\/users\/1"}],"replies":[{"embeddable":true,"href":"https:\/\/www.labatissedespres.com\/index.php\/wp-json\/wp\/v2\/comments?post=620"}],"version-history":[{"count":28,"href":"https:\/\/www.labatissedespres.com\/index.php\/wp-json\/wp\/v2\/pages\/620\/revisions"}],"predecessor-version":[{"id":1527,"href":"https:\/\/www.labatissedespres.com\/index.php\/wp-json\/wp\/v2\/pages\/620\/revisions\/1527"}],"wp:attachment":[{"href":"https:\/\/www.labatissedespres.com\/index.php\/wp-json\/wp\/v2\/media?parent=620"}],"curies":[{"name":"wp","href":"https:\/\/api.w.org\/{rel}","templated":true}]}}