{"id":1071,"date":"2025-10-16T00:58:39","date_gmt":"2025-10-16T00:58:39","guid":{"rendered":"https:\/\/www.labatissedespres.com\/?page_id=1071"},"modified":"2025-11-06T13:43:44","modified_gmt":"2025-11-06T13:43:44","slug":"reservation","status":"publish","type":"page","link":"https:\/\/www.labatissedespres.com\/index.php\/reservation\/","title":{"rendered":""},"content":{"rendered":"\t\t<div data-elementor-type=\"wp-page\" data-elementor-id=\"1071\" class=\"elementor elementor-1071\">\n\t\t\t\t<div class=\"elementor-element elementor-element-3b67403 e-flex e-con-boxed e-con e-parent\" data-id=\"3b67403\" data-element_type=\"container\" data-settings=\"{&quot;background_background&quot;:&quot;slideshow&quot;,&quot;background_slideshow_gallery&quot;:[{&quot;id&quot;:187,&quot;url&quot;:&quot;http:\\\/\\\/www.labatissedespres.com\\\/wp-content\\\/uploads\\\/2025\\\/10\\\/1600x900.jpg&quot;},{&quot;id&quot;:238,&quot;url&quot;:&quot;http:\\\/\\\/www.labatissedespres.com\\\/wp-content\\\/uploads\\\/2025\\\/10\\\/photo-ski-1600x800-1.jpg&quot;},{&quot;id&quot;:224,&quot;url&quot;:&quot;http:\\\/\\\/www.labatissedespres.com\\\/wp-content\\\/uploads\\\/2025\\\/10\\\/WhatsApp-Image-2025-10-08-at-14.13.29.jpg&quot;},{&quot;id&quot;:242,&quot;url&quot;:&quot;http:\\\/\\\/www.labatissedespres.com\\\/wp-content\\\/uploads\\\/2025\\\/10\\\/facade-1600x800-1.jpg&quot;},{&quot;id&quot;:231,&quot;url&quot;:&quot;http:\\\/\\\/www.labatissedespres.com\\\/wp-content\\\/uploads\\\/2025\\\/10\\\/pdv-1600x800-1.jpg&quot;}],&quot;background_slideshow_loop&quot;:&quot;yes&quot;,&quot;background_slideshow_slide_duration&quot;:5000,&quot;background_slideshow_slide_transition&quot;:&quot;fade&quot;,&quot;background_slideshow_transition_duration&quot;:500}\">\n\t\t\t\t\t<div class=\"e-con-inner\">\n\t\t\t\t\t<\/div>\n\t\t\t\t<\/div>\n\t\t<div class=\"elementor-element elementor-element-91fe4cf e-flex e-con-boxed e-con e-parent\" data-id=\"91fe4cf\" data-element_type=\"container\">\n\t\t\t\t\t<div class=\"e-con-inner\">\n\t\t\t\t<div class=\"elementor-element elementor-element-5a0769a premium-modal-dismissible-yes elementor-widget elementor-widget-premium-addon-modal-box\" data-id=\"5a0769a\" data-element_type=\"widget\" data-settings=\"{&quot;premium_modal_box_animation&quot;:&quot;zoomIn&quot;}\" data-widget_type=\"premium-addon-modal-box.default\">\n\t\t\t\t\t\n\t\t<div class=\"premium-modal-box-container\" data-settings=\"{&quot;trigger&quot;:&quot;pageload&quot;,&quot;show_on_exit&quot;:false,&quot;delay&quot;:1}\">\n\t\t\t<div class=\"premium-modal-trigger-container\">\n\t\t\t\t\t\t\t<\/div>\n\n\t\t\t<div id=\"premium-modal-5a0769a\" class=\"premium-modal-box-modal\"\n\t\t\trole=\"dialog\"\n\t\t\tstyle=\"display: none\"\n\t\t\t>\n\t\t\t\t<div class=\"premium-modal-box-modal-dialog\" data-delay-animation=\"\" data-modal-animation=\"zoomIn animated-\">\n\t\t\t\t\t\t\t\t\t\t\t<div class=\"premium-modal-box-modal-header\">\n\t\t\t\t\t\t\t\t\t\t\t\t\t\t\t<h3 class=\"premium-modal-box-modal-title\">\n\t\t\t\t\t\t\t\t\tNotification importante\t\t\t\t\t\t\t\t<\/h3>\n\t\t\t\t\t\t\t\t\t\t\t\t\t\t\t\t\t\t\t\t\t\t<div class=\"premium-modal-box-close-button-container\">\n\t\t\t\t\t\t\t\t\t<button type=\"button\" class=\"premium-modal-box-modal-close\" data-dismiss=\"premium-modal\">&times;<\/button>\n\t\t\t\t\t\t\t\t<\/div>\n\t\t\t\t\t\t\t\t\t\t\t\t\t<\/div>\n\t\t\t\t\t\t\t\t\t\t<div class=\"premium-modal-box-modal-body\">\n\t\t\t\t\t\t<p>La b\u00e2tisse des Pr\u00e9s vous informe que les r\u00e9servations se font du <strong>samedi au samedi<\/strong>, avec une dur\u00e9e de <strong>7 nuits minimum.<\/strong><\/p><p>Au plaisir de vous accueillir.<\/p><p>\u00a0<\/p>\t\t\t\t\t<\/div>\n\t\t\t\t\t\t\t\t\t<\/div>\n\t\t\t<\/div>\n\t\t<\/div>\n\n\t\t\t\t\t\t<\/div>\n\t\t\t\t\t<\/div>\n\t\t\t\t<\/div>\n\t\t<div class=\"elementor-element elementor-element-f296359 e-con-full e-flex e-con e-parent\" data-id=\"f296359\" data-element_type=\"container\">\n\t\t\t\t<div class=\"elementor-element elementor-element-8197528 elementor-widget elementor-widget-html\" data-id=\"8197528\" data-element_type=\"widget\" data-widget_type=\"html.default\">\n\t\t\t\t\t<iframe id=\"bookingengine\" allowfullscreen=\"\" src=\"https:\/\/app.superhote.com\/#\/get-available-rentals\/AYM1nUBqSVoYZ5mHDhcnl1lJo\" style=\"display:block;\" width=\"100%\" height=\"1100\" frameborder=\"1\" sandbox=\"allow-scripts allow-forms allow-same-origin allow-presentation allow-top-navigation\"><\/iframe>\t\t\t\t<\/div>\n\t\t\t\t<\/div>\n\t\t\t\t<\/div>\n\t\t","protected":false},"excerpt":{"rendered":"<p>Notification importante &times; La b\u00e2tisse des Pr\u00e9s vous informe que les r\u00e9servations se font du samedi au samedi, avec une dur\u00e9e de 7 nuits minimum. Au plaisir de vous accueillir. \u00a0<\/p>\n","protected":false},"author":1,"featured_media":0,"parent":0,"menu_order":0,"comment_status":"closed","ping_status":"closed","template":"","meta":{"footnotes":""},"class_list":["post-1071","page","type-page","status-publish","hentry"],"_links":{"self":[{"href":"https:\/\/www.labatissedespres.com\/index.php\/wp-json\/wp\/v2\/pages\/1071","targetHints":{"allow":["GET"]}}],"collection":[{"href":"https:\/\/www.labatissedespres.com\/index.php\/wp-json\/wp\/v2\/pages"}],"about":[{"href":"https:\/\/www.labatissedespres.com\/index.php\/wp-json\/wp\/v2\/types\/page"}],"author":[{"embeddable":true,"href":"https:\/\/www.labatissedespres.com\/index.php\/wp-json\/wp\/v2\/users\/1"}],"replies":[{"embeddable":true,"href":"https:\/\/www.labatissedespres.com\/index.php\/wp-json\/wp\/v2\/comments?post=1071"}],"version-history":[{"count":62,"href":"https:\/\/www.labatissedespres.com\/index.php\/wp-json\/wp\/v2\/pages\/1071\/revisions"}],"predecessor-version":[{"id":1297,"href":"https:\/\/www.labatissedespres.com\/index.php\/wp-json\/wp\/v2\/pages\/1071\/revisions\/1297"}],"wp:attachment":[{"href":"https:\/\/www.labatissedespres.com\/index.php\/wp-json\/wp\/v2\/media?parent=1071"}],"curies":[{"name":"wp","href":"https:\/\/api.w.org\/{rel}","templated":true}]}}